9?
1
What is the remainder when 6998104 is divided by 1087?
1085
Calculate the remainder when 189520 is divided by 63027.
439
Calculate the remainder when 406033 is divided by 135269.
226
Calculate the remainder when 64014776 is divided by 127.
45
What is the remainder when 3502370 is divided by 120771?
11
Calculate the remainder when 976917 is divided by 325604.
105
Calculate the remainder when 3689342 is divided by 2075.
2067
Calculate the remainder when 280282 is divided by 893.
773
Calculate the remainder when 43844272 is divided by 425.
422
Calculate the remainder when 1270483 is divided by 1270483.
0
Calculate the remainder when 7942857 is divided by 2647548.
213
Calculate the remainder when 122 is divided by 14.
10
What is the remainder when 156350604 is divided by 26?
20
What is the remainder when 469250 is divided by 469157?
93
What is the remainder when 690454 is divided by 1726?
54
Calculate the remainder when 186910 is divided by 37382.
0
What is the remainder when 636753 is divided by 316142?
4469
What is the remainder when 55324450 is divided by 1398?
1396
Calculate the remainder when 19117 is divided by 747.
442
What is the remainder when 3718722 is divided by 991?
490
Calculate the remainder when 10809538 is divided by 9.
7
Calculate the remainder when 79641861 is divided by 19910462.
13
What is the remainder when 13604574 is divided by 3906?
3882
Calculate the remainder when 805 is divided by 622.
183
What is the remainder when 799543 is divided by 11421?
73
Calculate the remainder when 11994645 is divided by 40.
5
Calculate the remainder when 1069077 is divided by 54.
39
What is the remainder when 4165892 is divided by 253?
247
Calculate the remainder when 50474 is divided by 5534.
668
What is the remainder when 218925 is divided by 1710?
45
Calculate the remainder when 387453 is divided by 5231.
359
Calculate the remainder when 32629 is divided by 10804.
217
What is the remainder when 4255523 is divided by 63?
62
Calculate the remainder when 34994 is divided by 1050.
344
What is the remainder when 3288611 is divided by 602?
487
Calculate the remainder when 1585202 is divided by 88057.
176
What is the remainder when 4842007 is divided by 978?
907
What is the remainder when 193157 is divided by 96107?
943
Calculate the remainder when 7527 is divided by 186.
87
What is the remainder when 729510 is divided by 96?
6
What is the remainder when 4242 is divided by 3415?
827
Calculate the remainder when 846329 is divided by 253.
44
What is the remainder when 7871108 is divided by 3170?
3168
What is the remainder when 15655051 is divided by 43?
41
What is the remainder when 110827948 is divided by 290887?
1
What is the remainder when 853225 is divided by 316?
25
Calculate the remainder when 836825 is divided by 5732.
5685
What is the remainder when 4272253 is divided by 347?
336
Calculate the remainder when 1604391 is divided by 1020.
951
What is the remainder when 54472129 is divided by 318?
1
What is the remainder when 7433039 is divided by 412946?
11
What is the remainder when 168094 is divided by 22?
14
What is the remainder when 26931166 is divided by 1330?
1326
What is the remainder when 2402080 is divided by 27?
25
What is the remainder when 92188 is divided by 100?
88
What is the remainder when 216207 is divided by 42?
33
What is the remainder when 27845921 is divided by 75?
71
Calculate the remainder when 2501139 is divided by 343.
326
What is the remainder when 133078 is divided by 44340?
58
What is the remainder when 2733987 is divided by 42?
39
Calculate the remainder when 113884 is divided by 5709.
5413
What is the remainder when 54462662 is divided by 4818?
4808
What is the remainder when 878028 is divided by 38?
0
What is the remainder when 279593 is divided by 1351?
1287
Calculate the remainder when 151890748 is divided by 2750.
2748
What is the remainder when 49218 is divided by 48413?
805
Calculate the remainder when 638232 is divided by 477.
6
What is the remainder when 77630 is divided by 15186?
1700
What is the remainder when 130650 is divided by 5275?
4050
What is the remainder when 3004936 is divided by 5575?
11
What is the remainder when 181704 is divided by 28?
12
What is the remainder when 41095999 is divided by 250?
249
What is the remainder when 19285278 is divided by 549?
6
What is the remainder when 833622 is divided by 84?
6
Calculate the remainder when 55007848 is divided by 950.
948
What is the remainder when 339182 is divided by 493?
491
Calculate the remainder when 536272 is divided by 121.
0
What is the remainder when 79950164 is divided by 2343?
2318
What is the remainder when 10743877 is divided by 19896?
37
Calculate the remainder when 5460343 is divided by 5460323.
20
Calculate the remainder when 70283606 is divided by 191.
190
Calculate the remainder when 4824338 is divided by 44.
2
Calculate the remainder when 74283 is divided by 82.
73
Calculate the remainder when 3232867 is divided by 1114.
39
Calculate the remainder when 679477 is divided by 16986.
37
What is the remainder when 331346481 is divided by 347?
345
What is the remainder when 532429 is divided by 266203?
23
What is the remainder when 2546012 is divided by 176?
172
What is the remainder when 2955671 is divided by 9?
8
What is the remainder when 18345418 is divided by 1923?
1921
Calculate the remainder when 1232049 is divided by 3961.
178
Calculate the remainder when 6103055 is divided by 4400.
255
Calculate the remainder when 133898713 is divided by 1632911.
11
Calculate the remainder when 99882 is divided by 14254.
104
What is the remainder when 407309757 is divided by 45?
42
What is the remainder when 47190340 is divided by 1685369?
8
What is the remainder when 13542352 is divided by 1155?
1132
What is the remainder when 377467 is divided by 878?
805
What is the remainder when 3672723 is divided by 678?
675
Calculate the remainder when 114432708 is divided by 629.
625
What is the remainder when 110171 is divided by 55077?
17
What is the remainder when 1027138 is divided by 256774?
42
What is the remainder when 31006 is divided by 231?
52
What is the remainder when 33626244 is divided by 17351?
6
Calculate the remainder when 62848 is divided by 982.
0
Calculate the remainder when 18854827 is divided by 27.
25
What is the remainder when 546144 is divided by 7487?
7080
Calculate the remainder when 43616 is divided by 2563.
45
What is the remainder when 65566134 is divided by 363?
348
What is the remainder when 227506300 is divided by 133906?
6
What is the remainder when 1599265 is divided by 320?
225
What is the remainder when 98239244 is divided by 5457735?
14
What is the remainder when 39374 is divided by 914?
72
What is the remainder when 1304320 is divided by 4815?
4270
Calculate the remainder when 2011480 is divided by 16487.
66
Calculate the remainder when 369255234 is divided by 105986.
10
Calculate the remainder when 643659 is divided by 12137.
398
Calculate the remainder when 331327 is divided by 23380.
4007
Calculate the remainder when 15747 is divided by 1296.
195
What is the remainder when 162414 is divided by 124?
98
What is the remainder when 1198636 is divided by 305?
291
What is the remainder when 719946 is divided by 37890?
36
What is the remainder when 306893 is divided by 1535?
1428
What is the remainder when 6874546 is divided by 4928?
4914
What is the remainder when 19089 is divided by 2300?
689
What is the remainder when 64390619 is divided by 10?
9
Calculate the remainder when 2748621 is divided by 24.
21
What is the remainder when 15797 is divided by 3151?
42
What is the remainder when 14209117 is divided by 1578784?
61
What is the remainder when 33373 is divided by 153?
19
What is the remainder when 6603802 is divided by 550?
502
What is the remainder when 181597 is divided by 1171?
92
What is the remainder when 36245197 is divided by 248?
245
Calculate the remainder when 1905679 is divided by 1343.
1305
Calculate the remainder when 23387 is divided by 2152.
1867
Calculate the remainder when 84988747 is divided by 22.
19
Calculate the remainder when 10582022 is divided by 1109.
1053
What is the remainder when 656176 is divided by 218655?
211
What is the remainder when 795418 is divided by 66283?
22
Wha